
In base 15, what is 5da632 + -22?
5da610
In base 2, what is 101011101100011 - 1011011110?
101010010000101
In base 13, what is 1 + 785985?
785986
In base 7, what is 2 + -11102551?
-11102546
In base 16, what is -d7 + -23c54?
-23d2b
In base 7, what is 163603650 + -20?
163603630
In base 2, what is -10 - -10101010000111001000011001?
10101010000111001000010111
In base 13, what is 5092a281 + -3?
5092a27b
In base 14, what is -5 + 15423c0?
15423b9
In base 13, what is 8b75 + -5b?
8b17
In base 11, what is 534894 - -148?
534a31
In base 3, what is 1012101101220112202 + 1?
1012101101220112210
In base 10, what is 2 - -44465383?
44465385
In base 10, what is 87 + 11423?
11510
In base 15, what is -3 + 26532?
2652e
In base 7, what is 3 + 4413254?
4413260
In base 9, what is -11434 + 18204?
6660
In base 6, what is -4434 - 1355?
-10233
In base 4, what is 30002202233 - -2303?
30002211202
In base 5, what is 30 + 1133431440?
1133432020
In base 15, what is -611e3 - -3e?
-611a4
In base 5, what is 203043 + -302?
202241
In base 4, what is -231333200201 + -10?
-231333200211
In base 13, what is -183263 + 3?
-183260
In base 8, what is 43302 + -75?
43205
In base 16, what is 3 - -116eb6a?
116eb6d
In base 14, what is 9ca5c7 - 2?
9ca5c5
In base 14, what is 5bb2005 + -4?
5bb2001
In base 15, what is aa8 + 266?
d1e
In base 8, what is 45106 - 4440?
40446
In base 15, what is 4 + 1b8ce23e?
1b8ce243
In base 9, what is -4 + 1144612?
1144607
In base 5, what is 4102324223014 - 10?
4102324223004
In base 11, what is 48 + 142739?
142786
In base 16, what is 2 - 3ab6fe9?
-3ab6fe7
In base 3, what is -11102111202011 + -20?
-11102111202101
In base 7, what is -2652236 + 65?
-2652141
In base 3, what is 222010220 + 222022?
1000010012
In base 13, what is -2ac9 - -4c44?
2148
In base 5, what is 130 - -2413040234?
2413040414
In base 14, what is -1c3 - 9504?
-96c7
In base 6, what is -2533230351 - 1?
-2533230352
In base 16, what is 39dda2 - 5?
39dd9d
In base 16, what is 1e9aca - -3?
1e9acd
In base 9, what is -366467 - 1221?
-367688
In base 10, what is 159 + 19224?
19383
In base 3, what is 101 - 222222222220201?
-222222222220100
In base 7, what is 1404 - -22322125?
22323532
In base 9, what is 300252815 - 2?
300252813
In base 16, what is 4 - -13683d94?
13683d98
In base 8, what is 724 - 114603?
-113657
In base 13, what is c5548803 + -4?
c55487cc
In base 8, what is -122367 - 1407?
-123776
In base 5, what is 12 - 240110132?
-240110120
In base 14, what is -49 - -42195?
4214a
In base 12, what is -1 + 8435559?
8435558
In base 4, what is 2 - 1131110010?
-1131110002
In base 6, what is -415315 - -5502?
-405413
In base 6, what is 113 - 121443405?
-121443252
In base 6, what is -10001 - 1054335?
-1104340
In base 13, what is -252927 - 3ca?
-253024
In base 10, what is 5 + 17754725?
17754730
In base 2, what is 10110000011101001001 + 100001?
10110000011101101010
In base 10, what is -7536086 + -21?
-7536107
In base 7, what is -552353 - -3155?
-546165
In base 7, what is 24030314 + 22?
24030336
In base 11, what is 2782876 - 1a2?
2782684
In base 5, what is 0 - -33103343433?
33103343433
In base 4, what is -3 - 1233313003300?
-1233313003303
In base 10, what is 57835 + -233?
57602
In base 2, what is 101 + -110001100101000010110110?
-110001100101000010110001
In base 16, what is 8 + 4966a?
49672
In base 9, what is -310311038 - -2?
-310311036
In base 10, what is 68509 - 101?
68408
In base 4, what is 132202223232 + 102?
132202230000
In base 13, what is 2 + -5c48a8b?
-5c48a89
In base 11, what is 880 + 1645?
2415
In base 14, what is -416b + -124d?
-53ba
In base 5, what is -3 - -113121441?
113121433
In base 2, what is 10001010001100011 - -11001111?
10001010100110010
In base 4, what is -111030031 + 2302?
-111021123
In base 6, what is -12023 + -423052?
-435115
In base 5, what is -111 + 413341114?
413341003
In base 4, what is 213110021 + 120?
213110201
In base 13, what is 1b88 - -b28?
29b3
In base 11, what is -4 + -2558925?
-2558929
In base 11, what is -7 + 571527?
571520
In base 12, what is 171 - 163673?
-163502
In base 4, what is 110101 + -131120023?
-131003322
In base 9, what is 727 + 4600?
5427
In base 13, what is 5 - -20b11472?
20b11477
In base 12, what is -656 + -15b949?
-1603a3
In base 14, what is -20689 - 27?
-206b2
In base 6, what is 1201 + 3542025?
3543230
In base 10, what is 1678 + -12800?
-11122
In base 6, what is -24 + -1344011?
-1344035
In base 15, what is 53c - 1305b?
-12a1e
In base 9, what is -261072253 + -3?
-261072256
In base 3, what is 120101111 + -122020000?
-1211112
In base 10, what is -58223439 - 5?
-58223444
In base 10, what is -600923115 + 0?
-600923115
In base 5, what is 143324 - -20334?
214213
In base 11, what is -1405 + -1850?
-3155
In base 16, what is -bcd3 + -295?
-bf68
In base 12, what is -52785 + 680?
-52105
In base 12, what is -2 + -37327aa?
-37327b0
In base 2, what is -101011011100000010011011 + 10110?
-101011011100000010000101
In base 5, what is 201142 - 13244?
132343
In base 2, what is -11010110101010000010000001000 - -101?
-11010110101010000010000000011
In base 7, what is -24223651 + -12?
-24223663
In base 3, what is 22000111012 + -1002020?
21222101222
In base 12, what is 660 + -573b?
-509b
In base 2, what is -1 - -10100010110011110011010?
10100010110011110011001
In base 12, what is -2a189 - -a527?
-1b862
In base 14, what is 4 + 3db16?
3db1a
In base 12, what is -687 - 9b50?
-a617
In base 3, what is 1 + -10121101122122022?
-10121101122122021
In base 5, what is -124210 + 10320131?
10140421
In base 2, what is 1100110011100001101 + -11?
1100110011100001010
In base 10, what is -401412 + 46?
-401366
In base 16, what is -5 + -504524?
-504529
In base 4, what is -20 - 11002312313?
-11002312333
In base 16, what is 1a6c + -e56?
c16
In base 14, what is -15 + -b178db?
-b17912
In base 4, what is -32000101 - -20000?
-31320101
In base 15, what is 5824ba - 2?
5824b8
In base 2, what is 1110110010111 - -11100000111010111?
11101111101101110
In base 2, what is -10001001001010000011011110 - -1?
-10001001001010000011011101
In base 12, what is -94 - a1164?
-a1238
In base 2, what is 100110100001111001 - 10010011?
100110011111100110
In base 15, what is -2be2 + 16?
-2bcb
In base 14, what is -3cc3c2 - -4?
-3cc3bc
In base 12, what is 796261 - -7?
796268
In base 4, what is -103 - -3001003231322?
3001003231213
In base 3, what is 200112 - 202001100011?
-202000122122
In base 12, what is -1 - 3a18a3b?
-3a18a40
In base 5, what is -40221131 + -2331?
-40224012
In base 14, what is 1d9d16c + 0?
1d9d16c
In base 15, what is bd629 + 13?
bd63c
In base 8, what is -3 + 33671366?
33671363
In base 10, what is -80741694 - 3?
-80741697
In base 16, what is -28 - a59bb?
-a59e3
In base 9, what is 2 + 170446113?
170446115
In base 4, what is -2023211013 + 22?
-2023210331
In base 2, what is -11010100001100011111001 + -10101?
-11010100001100100001110
In base 5, what is -4 + -34322432?
-34322441
In base 15, what is 5 + 89dbb7?
89dbbc
In base 2, what is 1001110001011010101 + -101?
1001110001011010000
In base 4, what is -3122231023 - -30313?
-3122200110
In base 6, what is 4024 - 5124?
-1100
In base 11, what is 3 - -8117a8?
811800
In base 8, what is 227 + 242140?
242367
In base 11, what is 58 - 72150aa?
-7215052
In base 11, what is 9 - 2045800?
-20457a2
In base 10, what is -3 + 100412106?
100412103
In base 8, what is 1167 - 30115?
-26726
In base 8, what is 55100025 + -5?
55100020
In base 8, what is 1552034 - -16?
1552052
In base 4, what is 12111101 + -11011?
12100030
In base 5, what is 303 + 1332242230?
1332243033
In base 5, what is -4330 + -1102042?
-1111422
In base 6, what is 1133322354 + 0?
1133322354
In base 10, what is -6004980 + 5?
-6004975
In base 4, what is -222231132 - -221?
-222230311
In base 4, what is -200002 + -31131230?
-31331232
In base 8, what is 1504 + 717341?
721045
In base 8, what is -1023 - -34311?
33266
In base 14, what is 4a380c - 5?
4a3807
In base 10, what is -4 + 1628713?
1628709
In base 2, what is -1010011110 + -10110010100001?
-10111100111111
In base 15, what is -b5dba + 1?
-b5db9
In base 10, what is -451 - 50077?
-50528
In base 10, what is -35 + -131808?
-131843
In base 6, what is -3 + 11145241401?
11145241354
In base 12, what is 8331 + -31b?
8012
In base 11, what is -4 + 15119303?
151192aa
In base 14, what is 8c2404 - -7?
8c240b
